{"id":726,"date":"2021-02-01T00:47:09","date_gmt":"2021-01-31T23:47:09","guid":{"rendered":"https:\/\/llar-infantil.escolagem.cat\/?page_id=726"},"modified":"2021-02-19T01:16:46","modified_gmt":"2021-02-19T00:16:46","slug":"escola","status":"publish","type":"page","link":"https:\/\/escolagem.cat\/llar-infantil\/escola\/","title":{"rendered":"Escola"},"content":{"rendered":"\n<div id=\"totes-les-etapes\" class=\"wp-block-getwid-advanced-heading\" style=\"padding-top:120px;margin:-120px 0 20px 0\"><h2><span class=\"wp-block-getwid-advanced-heading__content\"><strong>Escola GEM: de 0 a 18 anys acompanyant a l\u2019alumnat<\/strong><\/span><\/h2><\/div>\n\n\n<div id=\"about-1\" class=\"about-images-right-section content-section content-section-spacing\" style=\"padding:40px 0\" data-label=\"About\" data-id=\"about--2\" data-export-id=\"about-images-right-section\" data-category=\"about\">\n<div class=\"gridContainer\">\n<div class=\"row middle-sm text-center\">\n<div class=\"col-sm-5 content-left-sm\" data-type=\"column\">\n<h5 class=\"\">TOTES LES ETAPES<\/h5>\n<h2 class=\"\">Llar, Infantil, Prim\u00e0ria, ESO i Batxillerat<\/h2>\n<p class=\"has-drop-cap\" style=\"margin-bottom:30px\">Una escola que integra la totalitat d\u2019etapes educatives, des dels 0 anys fins a que acaben el batxillerat, oferint aix\u00ed una educaci\u00f3 integral i continuada.<\/p>\n<\/div>\n<div class=\"col-sm-7 space-bottom-xs\">\n<div class=\"image-group-side-3-img\"><img decoding=\"async\" class=\"topimg shadow-large\" src=\"https:\/\/llar-infantil.escolagem.cat\/wp-content\/uploads\/2021\/01\/Gem-escola-infantil-30.jpg\"> <img decoding=\"async\" class=\"rightimg shadow-large\" src=\"https:\/\/llar-infantil.escolagem.cat\/wp-content\/uploads\/2020\/12\/cropped-pimaria1.jpg\"><p><\/p>\n<div class=\"leftimg\"><img decoding=\"async\" class=\"shadow-large\" src=\"https:\/\/llar-infantil.escolagem.cat\/wp-content\/uploads\/2021\/01\/Gem_gran-9.jpg\"><\/div>\n<\/div>\n<\/div>\n<\/div>\n<\/div>\n<\/div>\n<div id=\"content-1\" class=\"content-1 content-section content-section-spacing\" style=\"padding:0\" data-label=\"Content\" data-id=\"content--1\" data-export-id=\"content-8\" data-category=\"content\">\n<div class=\"gridContainer\">\n<div class=\"row middle-sm\">\n<div class=\"col-sm-6 space-bottom-xs space-top-xs\" data-type=\"column\"><img decoding=\"async\" class=\"shadow-large\" src=\"https:\/\/llar-infantil.escolagem.cat\/wp-content\/uploads\/2021\/01\/GEM_-39.jpg\"><\/div>\n<div class=\"col-sm-6 espai-text\" data-type=\"column\">\n<h2 class=\"\">Per qu\u00e8 escollir l\u2019Escola GEM?<\/h2>\n<p class=\"\">L\u2019Escola GEM suma ja m\u00e9s de 50 anys d\u2019escola innovadora, respectuosa amb la diversitat ideol\u00f2gica, integradora, laica i potenciadora de la catalanitat. Nascuda de la voluntat dels pares i mares, l\u2019escola est\u00e0 sota la gesti\u00f3 de la Fundaci\u00f3 GEM, una entitat sense \u00e0nim de lucre de tipus docent que t\u00e9 la missi\u00f3 de garantir la continu\u00eftat  i qualitat educativa de l\u2019escola. \u00c9s precisament aquesta concepci\u00f3, amb una Fundaci\u00f3 governada, administrada i representada per un patronat integrat per pares i mares, el que garanteix la l\u00ednia educativa a seguir buscant el millor per a l\u2019alumnat.<\/p>\n<p>El centre integra la totalitat de les etapes educatives que van dels 0 fins als 18 anys, permetent aix\u00ed oferir una educaci\u00f3 integral des de les primeres passes fins a l\u2019acompanyament de l\u2019alumnat en la seva elecci\u00f3 d\u2019estudis superiors.<\/p>\n<\/div>\n<\/div>\n<\/div>\n<\/div>\n<div id=\"content-2\" class=\"content-2 content-section content-section-spacing\" style=\"\" data-label=\"Content\" data-id=\"content--2\" data-export-id=\"content-7\" data-category=\"content\">\n<div class=\"gridContainer\">\n<div class=\"row middle-sm\">\n<div class=\"col-sm-6 space-bottom-xs espai-text\" data-type=\"column\">\n<p>A m\u00e9s, un dels signes d\u2019identitat de l\u2019escola \u00e9s la innovaci\u00f3 a trav\u00e9s de les compet\u00e8ncies digitals i els projectes interdisciplinars, que permeten a l\u2019alumnat treballar ben a prop de la tecnologia i entrella\u00e7ar coneixements per preparar-se de cara a un m\u00f3n cada vegada m\u00e9s multidisciplinar.\n<\/p>\n<p class=\"\">L\u2019escola t\u00e9 com objectiu principal implantar una educaci\u00f3 cohesionada per a tots els infants i joves, a trav\u00e9s d\u2019una escolaritzaci\u00f3 intergeneracional que \u00e9s clau per al desenvolupament de l\u2019alumnat.<\/p>\n<p>Els tres eixos principals a trav\u00e9s dels quals es vehicula l\u2019aprenentatge a l\u2019Escola GEM s\u00f3n la internacionalitzaci\u00f3, l\u2019emprenedoria i l\u2019educaci\u00f3 emocional, que formen part de l\u2019aprenentatge diari, dels 0 als 18 anys, d\u2019un alumnat que absorbeix compet\u00e8ncies necess\u00e0ries en el seu futur dins de la societat i que complementen perfectament les compet\u00e8ncies educatives tradicionals.<\/p>\n<p>Aix\u00ed es desenvolupen les diferents etapes a l\u2019escola.\n<\/p>\n<\/div>\n<div class=\"col-sm-6\" data-type=\"column\"><img decoding=\"async\" class=\"shadow-large\" src=\"https:\/\/llar-infantil.escolagem.cat\/wp-content\/uploads\/2021\/01\/GEM_-59.jpg\"><\/div>\n<\/div>\n<\/div>\n<\/div>\n<div id=\"content-3\" class=\"content-3 content-section content-section-spacing\" style=\"padding:0\" data-label=\"Content\" data-id=\"content--3\" data-export-id=\"content-2\" data-category=\"content\">\n<div>\n<div class=\"row middle-xs\">\n<div class=\"col-sm-5 bg-image shadow-large-black\" data-bg=\"image\" style=\"background: url(https:\/\/llar-infantil.escolagem.cat\/wp-content\/uploads\/2021\/01\/Gem-escola-infantil-40.jpg) center center \/ cover scroll transparent;;min-height:514px\"><\/div>\n<div class=\"col-sm-7 full-col-left-padding full-col-right-padding\">\n<div class=\"row\">\n<div class=\"space-bottom-small content-title-col espai-text2\" data-type=\"column\">\n<h2 class=\"\">Llar d\u2019infants: tot \u00e9s aprenentatge<\/h2>\n<p class=\"\">A la llar d\u2019infants treballem la iniciaci\u00f3 de l\u2019autonomia, l\u2019adquisici\u00f3 d\u2019h\u00e0bits, el desenvolupament del moviment, les primeres manifestacions de la comunicaci\u00f3 i del llenguatge oral, les pautes elementals de conviv\u00e8ncia i de relaci\u00f3 social, i el descobriment de l\u2019entorn m\u00e9s proper. I tot aix\u00f2 ho portem a la pr\u00e0ctica a partir d\u2019una s\u00e8rie de propostes educatives on la <span class=\"resalta\">reflexi\u00f3, la manipulaci\u00f3 i l\u2019experimentaci\u00f3<\/span> s\u00f3n estrat\u00e8gies b\u00e0siques que permeten als nens i nenes aprendre d\u2019una forma m\u00e9s significativa i propera.\n<\/p>\n<h2 class=\"\">Educaci\u00f3 infantil: pensar, escoltar i comunicar<\/h2>\n<p class=\"\">A infantil, els infants aprenen a entendre el m\u00f3n que els envolta i guanyar autonomia. Fer, pensar i comunicar per plantejar tasques amb sentit, donant valor a les preguntes i l\u2019autoregulaci\u00f3. Els projectes parteixen de la reflexi\u00f3, la manipulaci\u00f3 i el descobriment. Es fomenta l\u2019aprenentatge en un entorn on es treballa tant de forma individual com en equip, amb <span class=\"resalta\">projectes interdisciplinars<\/span>, potenciant la cooperaci\u00f3 i la pr\u00f2pia reflexi\u00f3.<\/p>\n<h2 class=\"\">Educaci\u00f3 prim\u00e0ria: fent cr\u00e9ixer les persones<\/h2>\n<p>A educaci\u00f3 prim\u00e0ria potenciem el treball de valors socials i c\u00edvics, l\u2019adquisici\u00f3 i aplicaci\u00f3 d\u2019actituds personals com l\u2019esfor\u00e7, el treball o la responsabilitat. Acompanyem l\u2019infant en la gesti\u00f3 de les emocions, coneixement d\u2019un mateix i dels altres. Tamb\u00e9 es desenvolupen actituds constructives vers la conviv\u00e8ncia amb <span class=\"resalta\">metodologies actives i innovadores<\/span>. Tot aix\u00f2, sumat al desenvolupament de les compet\u00e8ncies pr\u00f2pies de les diferents \u00e0rees de coneixement.\n<\/p>\n<\/div>\n<\/div>\n<\/div>\n<\/div>\n<\/div>\n<\/div>\n<div id=\"content-4\" class=\"content-4 content-section content-section-spacing\" style=\"padding:15px 0; background-color: #ffffff;\" data-label=\"Content\" data-id=\"content--4\" data-export-id=\"content-3\" data-category=\"content\">\n<div>\n<div class=\"row middle-xs\">\n<div class=\"col-sm-7 full-col-left-padding full-col-right-padding\">\n<div class=\"row\">\n<div class=\"space-bottom-small content-title-col espai-text2\" data-type=\"column\">\n<h2 class=\"\">ESO: treball i millora cont\u00ednua per al futur<\/h2>\n<p class=\"\">A l\u2019educaci\u00f3 secund\u00e0ria, els nois i noies entren en una etapa que va acompanyada de noves necessitats i exig\u00e8ncies en relaci\u00f3 al proc\u00e9s d\u2019aprenentatge i l\u2019adquisici\u00f3 de les compet\u00e8ncies b\u00e0siques dels diversos \u00e0mbits. L\u2019ESO significa <span class=\"resalta\">acompanyament, consci\u00e8ncia, treball<\/span> i millora cont\u00ednua. Les intel\u00b7lig\u00e8ncies m\u00faltiples, el treball cooperatiu i per projectes i l\u2019\u00fas de dispositius digitals a l\u2019aula s\u00f3n algunes de les metodologies emprades a la secund\u00e0ria.<\/p>\n<h2 class=\"\">Batxillerat: maduresa i formaci\u00f3 espec\u00edfica<\/h2>\n<p class=\"\">El Batxillerat \u00e9s una etapa on s\u2019imparteix, per una banda, una formaci\u00f3 general que afavoreix una major maduresa intel\u00b7lectual i personal, aix\u00ed com una major capacitat per a adquirir una \u00e0mplia gamma de coneixements, compet\u00e8ncies i habilitats. I d\u2019altra banda una formaci\u00f3 m\u00e9s espec\u00edfica que prepara a l\u2019alumnat per a la seva incorporaci\u00f3 <span class=\"resalta\">als estudis posteriors<\/span>, tant professionals com universitaris, o per l\u2019acc\u00e9s al m\u00f3n laboral. Tamb\u00e9 es fomenta la iniciativa a l\u2019hora de resoldre nous problemes.\n<\/p>\n<\/div>\n<\/div>\n<\/div>\n<div class=\"col-sm-5 bg-image shadow-large-black revert-classes-holder\" data-bg=\"image\" style=\"background: url(https:\/\/llar-infantil.escolagem.cat\/wp-content\/uploads\/2021\/01\/GEM_-62.jpg) center center \/ cover scroll transparent;;min-height:514px\"><\/div>\n<\/div>\n<\/div>\n<\/div>\n<div data-label=\"Video\" data-id=\"content--1\" data-export-id=\"content-12\" data-category=\"content\" class=\"content-12 content-section content-section-spacing full-screen-section\" id=\"video\" style=\"padding: 5px 0;\">\n<div class=\"\">\n<div class=\"row center-xs middle-xs\">\n<div class=\"col-sm-9\" data-type=\"column\">\n<div class=\"wp-block-columns\">\n<div class=\"wp-block-column\" style=\"flex-basis: 100%;\">\n<div class=\"wp-block-getwid-section getwid-anim fadeInRight getwid-init\" data-wow-duration=\"1500ms\" data-wow-delay=\"200ms\" style=\"visibility: visible; animation-duration: 1500ms; animation-delay: 200ms; animation-name: fadeInRight;\">\n<div class=\"wp-block-getwid-section__wrapper\">\n<div class=\"wp-block-getwid-section__inner-wrapper\">\n<div class=\"wp-block-getwid-section__background-holder\"><\/div>\n<div class=\"wp-block-getwid-section__content\">\n<div class=\"wp-block-getwid-section__inner-content\">\n<div class=\"alignfull wp-block-ugb-video-popup ugb-video-popup ugb-8dfddf4 ugb-video-popup--v3 ugb-main-block ugb--has-custom-content-width\">\n<style>.ugb-8dfddf4 .ugb-video-popup__wrapper{padding-top:56.25%;border:3px solid #fcb900;background-color:#000000;background-image:url(https:\/\/llar-infantil.escolagem.cat\/wp-content\/uploads\/2021\/01\/Gem-escola-infantil-29.jpg)}.ugb-8dfddf4 .ugb-video-popup__play-button svg{height:85px;width:85px}.ugb-8dfddf4 .ugb-video-popup__wrapper:before{background-color:#000000;opacity:0.6;width:100%;height:100%}.ugb-8dfddf4 .ugb-video-popup__wrapper:hover:before{opacity:0.3}.ugb-8dfddf4.ugb-video-popup > .ugb-inner-block{max-width:80% !important}@media screen and (min-width:768px){.ugb-8dfddf4.ugb-video-popup{padding-right:40px !important;padding-left:40px !important}}<\/style>\n<div style=\"width:100%\">\n<h2 class=\"ugb-block-title ugb-block-title--with-subtitle\">Les nostres instal\u00b7lacions<\/h2>\n<p class=\"lead\">Visualitza les instal\u00b7lacions de la nostra escola en el seg\u00fcent v\u00eddeo.<\/p>\n<div class=\"ugb-block-content\">\n<div class=\"ugb-video-popup__wrapper ugb--shadow-7 ugb--has-background-overlay\" data-video=\"9Eyrxf70x8s\"><a href=\"#\" class=\"ugb-video-popup__overlay\" aria-label=\"Play\"><\/a><span class=\"ugb-video-popup__play-button\"><svg viewBox=\"0 0 40 40\" xmlns=\"http:\/\/www.w3.org\/2000\/svg\" class=\"ugb-play-button-cirle\" width=\"50\" height=\"50\"><path d=\"M16 29l12-9-12-9v18zm4-29C8.95 0 0 8.95 0 20s8.95 20 20 20 20-8.95 20-20S31.05 0 20 0zm0 36c-8.82 0-16-7.18-16-16S11.18 4 20 4s16 7.18 16 16-7.18 16-16 16z\"><\/path><\/svg><\/span><\/div>\n<\/div>\n<\/div>\n<\/div>\n<\/div>\n<\/div>\n<\/div>\n<\/div>\n<\/div>\n<\/div>\n<\/div>\n<\/div>\n<\/div>\n<\/div>\n<\/div>","protected":false},"excerpt":{"rendered":"<p>TOTES LES ETAPES Llar, Infantil, Prim\u00e0ria, ESO i Batxillerat Una escola que integra la totalitat d\u2019etapes educatives, des dels 0 anys fins a que acaben el batxillerat, oferint aix\u00ed una educaci\u00f3 integral i continuada. Per qu\u00e8 escollir l\u2019Escola GEM? L\u2019Escola GEM suma ja m\u00e9s de 50 anys d\u2019escola innovadora, respectuosa amb la diversitat ideol\u00f2gica, integradora,&hellip; <br \/> <a class=\"read-more\" href=\"https:\/\/escolagem.cat\/llar-infantil\/escola\/\">Read more<\/a><\/p>\n","protected":false},"author":1,"featured_media":0,"parent":0,"menu_order":0,"comment_status":"closed","ping_status":"closed","template":"","meta":{"footnotes":""},"class_list":["post-726","page","type-page","status-publish","hentry"],"featured_image_urls":{"full":"","thumbnail":"","medium":"","medium_large":"","large":"","1536x1536":"","2048x2048":"","post-thumbnail":"","mesmerize-full-hd":""},"post_excerpt_stackable":"<p>Escola GEM: de 0 a 18 anys acompanyant a l\u2019alumnat TOTES LES ETAPES Llar, Infantil, Prim\u00e0ria, ESO i Batxillerat Una escola que integra la totalitat d\u2019etapes educatives, des dels 0 anys fins a que acaben el batxillerat, oferint aix\u00ed una educaci\u00f3 integral i continuada. Per qu\u00e8 escollir l\u2019Escola GEM? L\u2019Escola GEM suma ja m\u00e9s de 50 anys d\u2019escola innovadora, respectuosa amb la diversitat ideol\u00f2gica, integradora, laica i potenciadora de la catalanitat. Nascuda de la voluntat dels pares i mares, l\u2019escola est\u00e0 sota la gesti\u00f3 de la Fundaci\u00f3 GEM, una entitat sense \u00e0nim de lucre de tipus docent que t\u00e9 la&hellip;<\/p>\n","category_list":"","author_info":{"name":"gemadmin","url":"https:\/\/escolagem.cat\/llar-infantil\/author\/gemadmin\/"},"comments_num":"0 comments","yoast_head":"<!-- This site is optimized with the Yoast SEO plugin v15.7 - https:\/\/yoast.com\/wordpress\/plugins\/seo\/ -->\n<title>Escola - Llar i Infantil GEM<\/title>\n<meta name=\"description\" content=\"Som una escola de Matar\u00f3 amb guarderia que integra totes les etapes educatives, des de llar d&#039;infants fins a batxillerat.\" \/>\n<meta name=\"robots\" content=\"index, follow, max-snippet:-1, max-image-preview:large, max-video-preview:-1\" \/>\n<link rel=\"canonical\" href=\"https:\/\/escolagem.cat\/llar-infantil\/escola\/\" \/>\n<meta property=\"og:locale\" content=\"ca_ES\" \/>\n<meta property=\"og:type\" content=\"article\" \/>\n<meta property=\"og:title\" content=\"Escola - Llar i Infantil GEM\" \/>\n<meta property=\"og:description\" content=\"Som una escola de Matar\u00f3 amb guarderia que integra totes les etapes educatives, des de llar d&#039;infants fins a batxillerat.\" \/>\n<meta property=\"og:url\" content=\"https:\/\/escolagem.cat\/llar-infantil\/escola\/\" \/>\n<meta property=\"og:site_name\" content=\"Llar i Infantil GEM\" \/>\n<meta property=\"article:modified_time\" content=\"2021-02-19T00:16:46+00:00\" \/>\n<meta property=\"og:image\" content=\"https:\/\/llar-infantil.escolagem.cat\/wp-content\/uploads\/2021\/01\/Gem-escola-infantil-30.jpg\" \/>\n<meta name=\"twitter:card\" content=\"summary_large_image\" \/>\n<meta name=\"twitter:label1\" content=\"Temps estimat de lectura\">\n\t<meta name=\"twitter:data1\" content=\"5 minuts\">\n<script type=\"application\/ld+json\" class=\"yoast-schema-graph\">{\"@context\":\"https:\/\/schema.org\",\"@graph\":[{\"@type\":\"Organization\",\"@id\":\"https:\/\/escolagem.cat\/llar-infantil\/#organization\",\"name\":\"Fundaci\\u00f3 Privada Grup Escoles Matar\\u00f3 (GEM)\",\"url\":\"https:\/\/escolagem.cat\/llar-infantil\/\",\"sameAs\":[],\"logo\":{\"@type\":\"ImageObject\",\"@id\":\"https:\/\/escolagem.cat\/llar-infantil\/#logo\",\"inLanguage\":\"ca\",\"url\":\"https:\/\/escolagem.cat\/llar-infantil\/wp-content\/uploads\/2020\/12\/LogoGem_126x60Transparent-e1608292158936.png\",\"width\":40,\"height\":19,\"caption\":\"Fundaci\\u00f3 Privada Grup Escoles Matar\\u00f3 (GEM)\"},\"image\":{\"@id\":\"https:\/\/escolagem.cat\/llar-infantil\/#logo\"}},{\"@type\":\"WebSite\",\"@id\":\"https:\/\/escolagem.cat\/llar-infantil\/#website\",\"url\":\"https:\/\/escolagem.cat\/llar-infantil\/\",\"name\":\"Llar i Infantil GEM\",\"description\":\"Escola GEM - Llar infants, Infantil, Prim\\u00e0ria, ESO, Batxillerat i Cicles Formatius\",\"publisher\":{\"@id\":\"https:\/\/escolagem.cat\/llar-infantil\/#organization\"},\"potentialAction\":[{\"@type\":\"SearchAction\",\"target\":\"https:\/\/escolagem.cat\/llar-infantil\/?s={search_term_string}\",\"query-input\":\"required name=search_term_string\"}],\"inLanguage\":\"ca\"},{\"@type\":\"ImageObject\",\"@id\":\"https:\/\/escolagem.cat\/llar-infantil\/escola\/#primaryimage\",\"inLanguage\":\"ca\",\"url\":\"https:\/\/llar-infantil.escolagem.cat\/wp-content\/uploads\/2021\/01\/Gem-escola-infantil-30.jpg\"},{\"@type\":\"WebPage\",\"@id\":\"https:\/\/escolagem.cat\/llar-infantil\/escola\/#webpage\",\"url\":\"https:\/\/escolagem.cat\/llar-infantil\/escola\/\",\"name\":\"Escola - Llar i Infantil GEM\",\"isPartOf\":{\"@id\":\"https:\/\/escolagem.cat\/llar-infantil\/#website\"},\"primaryImageOfPage\":{\"@id\":\"https:\/\/escolagem.cat\/llar-infantil\/escola\/#primaryimage\"},\"datePublished\":\"2021-01-31T23:47:09+00:00\",\"dateModified\":\"2021-02-19T00:16:46+00:00\",\"description\":\"Som una escola de Matar\\u00f3 amb guarderia que integra totes les etapes educatives, des de llar d'infants fins a batxillerat.\",\"inLanguage\":\"ca\",\"potentialAction\":[{\"@type\":\"ReadAction\",\"target\":[\"https:\/\/escolagem.cat\/llar-infantil\/escola\/\"]}]}]}<\/script>\n<!-- \/ Yoast SEO plugin. -->","_links":{"self":[{"href":"https:\/\/escolagem.cat\/llar-infantil\/wp-json\/wp\/v2\/pages\/726","targetHints":{"allow":["GET"]}}],"collection":[{"href":"https:\/\/escolagem.cat\/llar-infantil\/wp-json\/wp\/v2\/pages"}],"about":[{"href":"https:\/\/escolagem.cat\/llar-infantil\/wp-json\/wp\/v2\/types\/page"}],"author":[{"embeddable":true,"href":"https:\/\/escolagem.cat\/llar-infantil\/wp-json\/wp\/v2\/users\/1"}],"replies":[{"embeddable":true,"href":"https:\/\/escolagem.cat\/llar-infantil\/wp-json\/wp\/v2\/comments?post=726"}],"version-history":[{"count":9,"href":"https:\/\/escolagem.cat\/llar-infantil\/wp-json\/wp\/v2\/pages\/726\/revisions"}],"predecessor-version":[{"id":1402,"href":"https:\/\/escolagem.cat\/llar-infantil\/wp-json\/wp\/v2\/pages\/726\/revisions\/1402"}],"wp:attachment":[{"href":"https:\/\/escolagem.cat\/llar-infantil\/wp-json\/wp\/v2\/media?parent=726"}],"curies":[{"name":"wp","href":"https:\/\/api.w.org\/{rel}","templated":true}]}}